Let f = 326 + q. Is f prime?
False
Let r(a) = -17*a - 6. Let o(n) = -86*n - 31. Let s(f) = -2*o(f) + 11*r(f). Let v be s(-3). Let b = -20 + v. Is b composite?
True
Let j be (-14)/(-10) + 6/(-15). Let y = 5 - -1. Suppose -2*z - 2*a + 7 = j, -2*a = y. Is z prime?
False
Let j be (9/6)/(6/248). Let q = 47 + -46. Is (-4)/((-4)/j*q) prime?
False
Is 4 - 2/2*-263 prime?
False
Suppose 2*h - 606 = -0*h. Is h composite?
True
Suppose -v = 4*h - 0*v - 3, 6 = -h + 2*v. Suppose -2*k = 4*o - 102, 3*o - 109 = -h*o + 5*k. Let q = o - 5. Is q composite?
False
Let t = 24 + -10. Suppose -4*p - t + 422 = 0. Let n = p + -25. Is n composite?
True
Let r(h) = -3*h**3 - 11*h**2 + h - 10. Is r(-9) prime?
True
Suppose 5*j - 1270 = 3*j. Is j a prime number?
False
Let h = -3 + 5. Suppose -q + 1 = -4*y + h*y, q = 5*y + 13. Is (2/4)/(q/(-266)) a prime number?
True
Let o = -3173 + 6396. Is o composite?
True
Let t = 128 - 15. Is t a prime number?
True
Let z = -21 + 119. Suppose z = 3*w - w. Is w composite?
True
Let j(u) be the second derivative of 19*u**5/10 - u**4/6 + u**3/3 - u**2/2 + 8*u. Is j(1) a composite number?
False
Suppose 0 = 5*l - 165 - 145. Suppose -3*b + 5*j + 16 = 0, 4*b = 2*j + l - 22. Suppose -4*t - 2*h + 24 = -b, -5*t + 5*h + 75 = 0. Is t a prime number?
True
Let w(u) = 11*u + 8. Let g be -6 + -1 + 0 + 1. Let x be w(g). Is 2/6 + x/(-6) a composite number?
True
Let v(r) = 3*r**2 + 10*r - 21. Is v(16) a prime number?
True
Let g(f) = -3*f**3 - 11*f**2 - 6*f - 9. Is g(-8) a composite number?
True
Suppose 4*p + 658 = 2*r, 0*p = 5*p + 4*r + 855. Let a = -110 - p. Is a composite?
True
Suppose 3*i - 21 = 2*i. Is i prime?
False
Suppose -5*f - 20 = -5*h, 0*f + 4*f - 8 = -2*h. Let c(p) = p + 10. Is c(f) composite?
True
Let y = -12 - -1. Is (2*-11)/(y + 10) a prime number?
False
Let k(t) = 16*t + 9. Is k(16) a composite number?
True
Suppose -s - 2*s = 3*r - 2046, -3*r - 662 = -s. Is s a composite number?
False
Let u(d) = -28*d - 5. Is u(-6) a prime number?
True
Let w be 2/(-4)*0 - -3. Suppose -w*q = -0*q - 18. Is q prime?
False
Let x(l) = -l - 3. Let c be x(-8). Let t be c/(((-5)/4)/(-5)). Suppose 3*o = t + 22. Is o a prime number?
False
Suppose -h + 92 = 3*r, 2*h - 2*r - 215 = -39. Is h a prime number?
True
Suppose 4*m = -h + 310, 8*m + h - 388 = 3*m. Suppose -p + 19 = o, 3*p = o + 3*o + m. Is p a prime number?
False
Let f(j) = j + 4. Let b(l) = -l**3 - 4*l**2 + l - 1. Let k be b(-4). Let o be f(k). Let c = 30 - o. Is c a composite number?
False
Suppose 3166 + 1646 = 6*f. Is f a prime number?
False
Let a(t) = -36*t. Let q be a(2). Let h be 1282/18 - (-16)/q. Let c = 120 - h. Is c composite?
True
Let d(c) = -5*c + 5 + 2*c**3 - 4*c**3 + 3*c**3. Suppose 2*p + 5 - 17 = 0. Is d(p) a composite number?
False
Let k(x) = -93*x**2 + 1 + 0 + 50*x**2 - 118*x**2. Let r be k(1). Let f = -78 - r. Is f a prime number?
False
Let m = -18 - -13. Let z = -2 - m. Suppose 0 = z*y - 9, -y + 223 = 2*k - 2*y. Is k composite?
False
Suppose -4*o - o = 0. Suppose o*r - 293 = -r. Is r prime?
True
Let v(b) be the second derivative of b - 7/2*b**2 + 3/2*b**3 + 0 - 1/20*b**5 + 5/12*b**4. Is v(6) prime?
True
Let q(r) be the third derivative of -r**4/24 + 3*r**3/2 - 4*r**2. Let f be q(7). Suppose -275 = -3*n - f*n. Is n a composite number?
True
Suppose -1224 - 636 = -5*m. Suppose -2*t + 0*t + m = 5*c, -3*t + 5*c = -583. Is t prime?
True
Suppose 2*a + 7 + 329 = -4*j, -2*a - 422 = 5*j. Let l(k) = -k**3 - k**2 + k - 40. Let x be l(0). Let b = x - j. Is b a prime number?
False
Suppose -4*c - 12 = -0*c. Let y = 20 - c. Is y prime?
True
Let c(a) = -5*a + 7. Let k(z) = z**3 + 2*z**2 - 2*z - 3. Let q be k(-3). Is c(q) composite?
False
Suppose -708 = -9*l + 5*l. Is l prime?
False
Let m(k) be the third derivative of -k**4/24 - 5*k**3/6 - k**2. Let t be m(-6). Suppose 3*z - t = -2*c + 153, 0 = 2*z. Is c a composite number?
True
Suppose 4*p - 650 = 2*p - 4*j, 3*p + 2*j - 987 = 0. Is p a prime number?
True
Suppose -2*c + 7765 - 2783 = 0. Is c prime?
False
Let c(l) = 250*l**2 + 2*l - 1. Is c(1) prime?
True
Let p be (10 - 10) + 1/1. Is ((-1)/(-3))/p*993 composite?
False
Let s(n) = n**3 - 3*n**2 - 2*n - 2. Let j be ((-8)/3)/(4/(-6)). Is s(j) composite?
True
Let q(z) = z - 4. Let b be q(4). Is b + 3/((-9)/(-30)) a composite number?
True
Is (3/(-6))/((-1)/4) prime?
True
Suppose 3*j - 4311 = -4*s, -5*j + j = -4*s + 4304. Is s prime?
False
Suppose -2 = -p + 1. Suppose -2 = p*k + 5*x + 14, k - 5*x = 28. Suppose 4*b - 139 = z, k*b = 2*z + 62 + 41. Is b a composite number?
True
Suppose -b + 90 = -161. Is b prime?
True
Suppose 5*s + 369 = 3*k, -4*k - 4*s + 460 = -0*s. Is k composite?
True
Suppose -2*n = -0*n + 3*x - 2, -5*x = -3*n + 3. Is -1 + n*(163 - 3) a composite number?
True
Suppose -2*v = 2*v + 8, -x - v = -507. Is x a composite number?
False
Let c be 10/(-45) + 74/9. Suppose c = 6*n - 2*n. Suppose 2*y + n*y = 212. Is y a prime number?
True
Let f = 11 + -7. Suppose f*k = 3*d - 50, 2*k - 5*k - 55 = -4*d. Suppose 4*v + 4*y = d + 6, 3*y + 15 = 0. Is v prime?
False
Let q be (18/30)/((-1)/(-5)). Let d(g) = 74*g + 1. Is d(q) a composite number?
False
Suppose -5*s + 327 + 108 = 0. Is s composite?
True
Let z = -1162 + 2069. Is z a composite number?
False
Suppose 0 = -3*z + 6*z + 2148. Suppose x - d = -0*d - 9, 0 = -3*d + 9. Is z/x - 2/6 a prime number?
False
Suppose -5 = -i + 4*i + y, -2*y - 4 = 0. Let l be -1 + 0 + (-2)/i. Is (l + 0)/(1/7) a prime number?
True
Suppose 0 = 5*y - 2*b + 13, 5*b + 6 = -y - 2. Let r be (1/y)/(2/(-18)). Let i = r + 34. Is i a composite number?
False
Suppose -5*b = -1005 - 1140. Let w = b + 22. Is w a prime number?
False
Suppose -3*o - 2*b - 8 = 0, 3*o + 16 = -2*o - 2*b. Is 2/o - 789/(-6) composite?
False
Let w(s) = -s - 2. Let j be w(-2). Suppose -h + j*h = -158. Suppose 3*y - y - h = 0. Is y prime?
True
Let d be (-8020)/8*(-8)/10. Is d/4 - 2/(-4) composite?
True
Let s = 5 + 2. Suppose s*j = 2*j. Suppose j = 3*z + 2*z + 2*u - 112, -z + 4*u = -18. Is z prime?
False
Let z be 1/(-2) - (-6)/4. Let p = 1 + z. Suppose p*c - 188 = -2*c. Is c prime?
True
Let m = 0 + 7. Let p = m + -8. Is (-1 + p)/((-2)/37) composite?
False
Let h be (-4 + 1/(-1))*1. Let p = h - 1. Is (p/(-1))/((-2)/(-7)) composite?
True
Let n be (3 + 0)/(9/(-6)). Let a be 6 - n*6/(-4). Suppose -2*p - 71 = -a*p. Is p composite?
False
Let x(o) = o - 8. Let q be x(8). Is ((1 - 4) + q)*-29 a prime number?
False
Suppose 22 = 2*u - 152. Is u composite?
True
Let h = 129 + -62. Is h composite?
False
Let o(d) = 3*d**2 + 2*d - 11. Let i be o(9). Suppose -j - 354 = -3*h + 23, -2*h + j + i = 0. Is h composite?
False
Let m be 9/(46/40 - 1). Suppose 0*u = -3*g + u + 95, 0 = -2*g - u + m. Is g a composite number?
False
Is 682 - (-3)/((-2)/2) a prime number?
False
Suppose 0 = 4*q + 5 - 81. Is q a composite number?
False
Suppose s = r + 7, 6 = s - 2*r - 3. Suppose -124 = -g - s*t, -t = 5*g - 0*g - 692. Suppose -9*h + g = -8*h. Is h a composite number?
False
Suppose 0 = l + 310 - 1681. Is l prime?
False
Is ((-10)/(-25))/(2/(-3590)*-1) composite?
True
Let q(g) = -53*g**3 - 3*g**2. Let v be q(-2). Suppose 0 = 2*z + 4*k - v, 209 = z - 0*z + k. Let o = z - 147. Is o a composite number?
True
Let p be (-5)/((-30)/572)*3. Suppose -i - v + p + 212 = 0, -4*i + v + 1997 = 0. Suppose i = 4*u + 167. Is u a prime number?
True
Let c(o) = -1 + 14*o**3 + 2 - o**2 - 83*o**3. Is c(-1) prime?
False
Suppose -4514 - 14869 = -3*o - 3*m, 25842 = 4*o + 3*m. Is o prime?
False
Suppose 3*z - 60 = -3*j, 2*j = -j - 6. Suppose 3*f - 21 = -2*l - 2, 4*f - z = -l. Suppose -s - l*s + 69 = 0. Is s prime?
True
Suppose 4*h - 4*z - 1300 = 0, -447 = -3*h + 5*z + 532. Is h composite?
True
Suppose 3*q - 2*o - 3653 = 0, 5*q + 5*o = q + 4886. Is q a composite number?
True
Let i(r) = 255*r**2 - 3*r. Let s be i(2). Is 3/2*s/9 a prime number?
False
Suppose 0*b - 237 = -3*b. Is b prime?
True
Suppose 0 = 5*m + 2*b + 25, -14 = 3*b + 1. Is ((-1)/m)/((-3)/(-171)) a prime number?
True
Let c(l) = 2*l**3 - 5*l**2 + 2*l - 22. Is c(9) composite?
False
Let y = 1 + 0. Let i(p) = 4 - 3*p - y + 2*p + p**2. Is i(5) prime?
True
Suppose 2*g + 3*t = -15, 0 = g - 5*t + 2*t - 15. Suppose x + g*x - 8 = 0. Is x/(-20) + (-214)/(-10) a prime number?
False
Is 4641/49 - (-6)/21 composite?
True
Suppose -h = 2*t + 135, 2 = h - 3